{"id":2545,"date":"2024-10-12T01:08:11","date_gmt":"2024-10-11T22:08:11","guid":{"rendered":"https:\/\/mag-bags.com\/?post_type=product&#038;p=2545"},"modified":"2026-04-06T21:42:36","modified_gmt":"2026-04-06T18:42:36","slug":"mag-bags-triple-black-miknatisli-canta","status":"publish","type":"product","link":"https:\/\/mag-bags.com\/index.php\/urun\/mag-bags-triple-black-miknatisli-canta\/","title":{"rendered":"Mag-Bags Triple Black M\u0131knat\u0131sl\u0131 \u00c7anta"},"content":{"rendered":"<p><strong>\u201cTriple Black\u201d<\/strong> modeli, \u00e7arp\u0131c\u0131 ve \u015f\u0131k tasar\u0131m\u0131yla \u00f6ne \u00e7\u0131kan tamamen siyah renkte \u00fcretilmi\u015f bir \u00e7antad\u0131r. Suya dayan\u0131kl\u0131 siyah kuma\u015f\u0131, mat siyah krom aksesuarlar\u0131 ve minimalist detaylar\u0131yla hem g\u00fcnl\u00fck kullan\u0131mda hem de seyahatlerde modern bir stil sunar.<\/p>\n","protected":false},"excerpt":{"rendered":"<div class=\"wpb_text_column wpb_content_element vc_custom_1727644493198\">\n<div class=\"wpb_wrapper\">\n<h3>Gizlenmi\u015f g\u00fc\u00e7l\u00fc m\u0131knat\u0131slar\u0131 sayesinde metal y\u00fczeylere kolayca yap\u0131\u015f\u0131r ve \u00e7al\u0131\u015fman\u0131z s\u0131ras\u0131nda e\u015fyalar\u0131n\u0131z\u0131n g\u00fcvende kalmas\u0131n\u0131 sa\u011flar.<\/h3>\n<p>&nbsp;<\/p>\n<p>\ud83e\uddf2 M\u0131knat\u0131sl\u0131 arka y\u00fczey \u00f6zelli\u011fi<br \/>\n\ud83d\udc8e Dayan\u0131kl\u0131 ve uzun \u00f6m\u00fcrl\u00fc malzeme kalitesi<br \/>\n\ud83c\udf92Geni\u015f i\u00e7 hacim ve pratik b\u00f6lmeli tasar\u0131m<br \/>\n\ud83d\udca6 Su ge\u00e7irmezlik<br \/>\n\ud83e\udea2 Omuz\u00a0 askisi ile kullan\u0131m se\u00e7ene\u011fi<\/p>\n<\/div>\n<\/div>\n","protected":false},"featured_media":2555,"comment_status":"open","ping_status":"closed","template":"","meta":{"_uag_custom_page_level_css":""},"product_brand":[],"product_cat":[25],"product_tag":[37,32,30,31],"class_list":{"0":"post-2545","1":"product","2":"type-product","3":"status-publish","4":"has-post-thumbnail","6":"product_cat-genel","7":"product_tag-mag-bags-miknatisli-spor-cantasi","8":"product_tag-miknatisli-canta","9":"product_tag-miknatisli-spor-salonu-cantasi","10":"product_tag-spor-cantasi","12":"first","13":"instock","14":"sale","15":"purchasable","16":"product-type-simple"},"bundled_by":[],"bundle_stock_status":"instock","bundle_stock_quantity":250,"bundle_virtual":false,"bundle_layout":"","bundle_add_to_cart_form_location":"","bundle_editable_in_cart":false,"bundle_sold_individually_context":"","bundle_item_grouping":"","bundle_min_size":"","bundle_max_size":"","bundle_price":[],"bundled_items":[],"bundle_sell_ids":[],"exclude_global_add_ons":[],"addons":[],"yoast_head":"<!-- This site is optimized with the Yoast SEO Premium plugin v23.6 (Yoast SEO v27.4) - https:\/\/yoast.com\/product\/yoast-seo-premium-wordpress\/ -->\n<title>Mag-Bags Triple Black M\u0131knat\u0131sl\u0131 \u00c7anta - Mag-Bags | M\u0131knat\u0131sl\u0131 Spor \u00c7antas\u0131<\/title>\n<meta name=\"description\" content=\"Spor salonunda da\u011f\u0131n\u0131kl\u0131\u011f\u0131n\u0131z\u0131 \u00f6nleyen Mag-Bags M\u0131knat\u0131sl\u0131 Spor \u00c7antas\u0131, telefon, su \u015fi\u015fesi, anahtar ve c\u00fczdan gibi e\u015fyalar\u0131n\u0131z\u0131 g\u00fcvenle ta\u015f\u0131man\u0131z\u0131 sa\u011flar.\" \/>\n<meta name=\"robots\" content=\"index, follow, max-snippet:-1, max-image-preview:large, max-video-preview:-1\" \/>\n<link rel=\"canonical\" href=\"https:\/\/mag-bags.com\/index.php\/urun\/mag-bags-triple-black-miknatisli-canta\/\" \/>\n<meta property=\"og:locale\" content=\"tr_TR\" \/>\n<meta property=\"og:type\" content=\"article\" \/>\n<meta property=\"og:title\" content=\"Mag-Bags Triple Black M\u0131knat\u0131sl\u0131 \u00c7anta\" \/>\n<meta property=\"og:description\" content=\"Spor salonunda da\u011f\u0131n\u0131kl\u0131\u011f\u0131n\u0131z\u0131 \u00f6nleyen Mag-Bags M\u0131knat\u0131sl\u0131 Spor \u00c7antas\u0131, telefon, su \u015fi\u015fesi, anahtar ve c\u00fczdan gibi e\u015fyalar\u0131n\u0131z\u0131 g\u00fcvenle ta\u015f\u0131man\u0131z\u0131 sa\u011flar.\" \/>\n<meta property=\"og:url\" content=\"https:\/\/mag-bags.com\/index.php\/urun\/mag-bags-triple-black-miknatisli-canta\/\" \/>\n<meta property=\"og:site_name\" content=\"Mag-Bags | M\u0131knat\u0131sl\u0131 Spor \u00c7antas\u0131\" \/>\n<meta property=\"article:modified_time\" content=\"2026-04-06T18:42:36+00:00\" \/>\n<meta property=\"og:image\" content=\"https:\/\/mag-bags.com\/wp-content\/uploads\/2024\/10\/mag-bags.webp\" \/>\n\t<meta property=\"og:image:width\" content=\"1080\" \/>\n\t<meta property=\"og:image:height\" content=\"1080\" \/>\n\t<meta property=\"og:image:type\" content=\"image\/webp\" \/>\n<meta name=\"twitter:card\" content=\"summary_large_image\" \/>\n<meta name=\"twitter:label1\" content=\"Tahmini okuma s\u00fcresi\" \/>\n\t<meta name=\"twitter:data1\" content=\"1 dakika\" \/>\n<script type=\"application\/ld+json\" class=\"yoast-schema-graph\">{\"@context\":\"https:\\\/\\\/schema.org\",\"@graph\":[{\"@type\":\"WebPage\",\"@id\":\"https:\\\/\\\/mag-bags.com\\\/index.php\\\/urun\\\/mag-bags-triple-black-miknatisli-canta\\\/\",\"url\":\"https:\\\/\\\/mag-bags.com\\\/index.php\\\/urun\\\/mag-bags-triple-black-miknatisli-canta\\\/\",\"name\":\"Mag-Bags Triple Black M\u0131knat\u0131sl\u0131 \u00c7anta - Mag-Bags | M\u0131knat\u0131sl\u0131 Spor \u00c7antas\u0131\",\"isPartOf\":{\"@id\":\"https:\\\/\\\/mag-bags.com\\\/#website\"},\"primaryImageOfPage\":{\"@id\":\"https:\\\/\\\/mag-bags.com\\\/index.php\\\/urun\\\/mag-bags-triple-black-miknatisli-canta\\\/#primaryimage\"},\"image\":{\"@id\":\"https:\\\/\\\/mag-bags.com\\\/index.php\\\/urun\\\/mag-bags-triple-black-miknatisli-canta\\\/#primaryimage\"},\"thumbnailUrl\":\"https:\\\/\\\/mag-bags.com\\\/wp-content\\\/uploads\\\/2024\\\/10\\\/mag-bags.webp\",\"datePublished\":\"2024-10-11T22:08:11+00:00\",\"dateModified\":\"2026-04-06T18:42:36+00:00\",\"description\":\"Spor salonunda da\u011f\u0131n\u0131kl\u0131\u011f\u0131n\u0131z\u0131 \u00f6nleyen Mag-Bags M\u0131knat\u0131sl\u0131 Spor \u00c7antas\u0131, telefon, su \u015fi\u015fesi, anahtar ve c\u00fczdan gibi e\u015fyalar\u0131n\u0131z\u0131 g\u00fcvenle ta\u015f\u0131man\u0131z\u0131 sa\u011flar.\",\"breadcrumb\":{\"@id\":\"https:\\\/\\\/mag-bags.com\\\/index.php\\\/urun\\\/mag-bags-triple-black-miknatisli-canta\\\/#breadcrumb\"},\"inLanguage\":\"tr\",\"potentialAction\":[{\"@type\":\"ReadAction\",\"target\":[\"https:\\\/\\\/mag-bags.com\\\/index.php\\\/urun\\\/mag-bags-triple-black-miknatisli-canta\\\/\"]}]},{\"@type\":\"ImageObject\",\"inLanguage\":\"tr\",\"@id\":\"https:\\\/\\\/mag-bags.com\\\/index.php\\\/urun\\\/mag-bags-triple-black-miknatisli-canta\\\/#primaryimage\",\"url\":\"https:\\\/\\\/mag-bags.com\\\/wp-content\\\/uploads\\\/2024\\\/10\\\/mag-bags.webp\",\"contentUrl\":\"https:\\\/\\\/mag-bags.com\\\/wp-content\\\/uploads\\\/2024\\\/10\\\/mag-bags.webp\",\"width\":1080,\"height\":1080},{\"@type\":\"BreadcrumbList\",\"@id\":\"https:\\\/\\\/mag-bags.com\\\/index.php\\\/urun\\\/mag-bags-triple-black-miknatisli-canta\\\/#breadcrumb\",\"itemListElement\":[{\"@type\":\"ListItem\",\"position\":1,\"name\":\"Anasayfa\",\"item\":\"https:\\\/\\\/mag-bags.com\\\/\"},{\"@type\":\"ListItem\",\"position\":2,\"name\":\"Ma\u011faza\",\"item\":\"https:\\\/\\\/mag-bags.com\\\/index.php\\\/magaza\\\/\"},{\"@type\":\"ListItem\",\"position\":3,\"name\":\"Mag-Bags Triple Black M\u0131knat\u0131sl\u0131 \u00c7anta\"}]},{\"@type\":\"WebSite\",\"@id\":\"https:\\\/\\\/mag-bags.com\\\/#website\",\"url\":\"https:\\\/\\\/mag-bags.com\\\/\",\"name\":\"Mag-Bags | M\u0131knat\u0131sl\u0131 Spor \u00c7antas\u0131\",\"description\":\"\",\"publisher\":{\"@id\":\"https:\\\/\\\/mag-bags.com\\\/#organization\"},\"potentialAction\":[{\"@type\":\"SearchAction\",\"target\":{\"@type\":\"EntryPoint\",\"urlTemplate\":\"https:\\\/\\\/mag-bags.com\\\/?s={search_term_string}\"},\"query-input\":{\"@type\":\"PropertyValueSpecification\",\"valueRequired\":true,\"valueName\":\"search_term_string\"}}],\"inLanguage\":\"tr\"},{\"@type\":\"Organization\",\"@id\":\"https:\\\/\\\/mag-bags.com\\\/#organization\",\"name\":\"Mag-Bags | M\u0131knat\u0131sl\u0131 Spor \u00c7antas\u0131\",\"url\":\"https:\\\/\\\/mag-bags.com\\\/\",\"logo\":{\"@type\":\"ImageObject\",\"inLanguage\":\"tr\",\"@id\":\"https:\\\/\\\/mag-bags.com\\\/#\\\/schema\\\/logo\\\/image\\\/\",\"url\":\"https:\\\/\\\/mag-bags.com\\\/wp-content\\\/uploads\\\/2024\\\/09\\\/mag-bags-green-logo.png\",\"contentUrl\":\"https:\\\/\\\/mag-bags.com\\\/wp-content\\\/uploads\\\/2024\\\/09\\\/mag-bags-green-logo.png\",\"width\":620,\"height\":402,\"caption\":\"Mag-Bags | M\u0131knat\u0131sl\u0131 Spor \u00c7antas\u0131\"},\"image\":{\"@id\":\"https:\\\/\\\/mag-bags.com\\\/#\\\/schema\\\/logo\\\/image\\\/\"},\"sameAs\":[\"https:\\\/\\\/www.instagram.com\\\/magbagstr\\\/\"]}]}<\/script>\n<!-- \/ Yoast SEO Premium plugin. -->","yoast_head_json":{"title":"Mag-Bags Triple Black M\u0131knat\u0131sl\u0131 \u00c7anta - Mag-Bags | M\u0131knat\u0131sl\u0131 Spor \u00c7antas\u0131","description":"Spor salonunda da\u011f\u0131n\u0131kl\u0131\u011f\u0131n\u0131z\u0131 \u00f6nleyen Mag-Bags M\u0131knat\u0131sl\u0131 Spor \u00c7antas\u0131, telefon, su \u015fi\u015fesi, anahtar ve c\u00fczdan gibi e\u015fyalar\u0131n\u0131z\u0131 g\u00fcvenle ta\u015f\u0131man\u0131z\u0131 sa\u011flar.","robots":{"index":"index","follow":"follow","max-snippet":"max-snippet:-1","max-image-preview":"max-image-preview:large","max-video-preview":"max-video-preview:-1"},"canonical":"https:\/\/mag-bags.com\/index.php\/urun\/mag-bags-triple-black-miknatisli-canta\/","og_locale":"tr_TR","og_type":"article","og_title":"Mag-Bags Triple Black M\u0131knat\u0131sl\u0131 \u00c7anta","og_description":"Spor salonunda da\u011f\u0131n\u0131kl\u0131\u011f\u0131n\u0131z\u0131 \u00f6nleyen Mag-Bags M\u0131knat\u0131sl\u0131 Spor \u00c7antas\u0131, telefon, su \u015fi\u015fesi, anahtar ve c\u00fczdan gibi e\u015fyalar\u0131n\u0131z\u0131 g\u00fcvenle ta\u015f\u0131man\u0131z\u0131 sa\u011flar.","og_url":"https:\/\/mag-bags.com\/index.php\/urun\/mag-bags-triple-black-miknatisli-canta\/","og_site_name":"Mag-Bags | M\u0131knat\u0131sl\u0131 Spor \u00c7antas\u0131","article_modified_time":"2026-04-06T18:42:36+00:00","og_image":[{"width":1080,"height":1080,"url":"https:\/\/mag-bags.com\/wp-content\/uploads\/2024\/10\/mag-bags.webp","type":"image\/webp"}],"twitter_card":"summary_large_image","twitter_misc":{"Tahmini okuma s\u00fcresi":"1 dakika"},"schema":{"@context":"https:\/\/schema.org","@graph":[{"@type":"WebPage","@id":"https:\/\/mag-bags.com\/index.php\/urun\/mag-bags-triple-black-miknatisli-canta\/","url":"https:\/\/mag-bags.com\/index.php\/urun\/mag-bags-triple-black-miknatisli-canta\/","name":"Mag-Bags Triple Black M\u0131knat\u0131sl\u0131 \u00c7anta - Mag-Bags | M\u0131knat\u0131sl\u0131 Spor \u00c7antas\u0131","isPartOf":{"@id":"https:\/\/mag-bags.com\/#website"},"primaryImageOfPage":{"@id":"https:\/\/mag-bags.com\/index.php\/urun\/mag-bags-triple-black-miknatisli-canta\/#primaryimage"},"image":{"@id":"https:\/\/mag-bags.com\/index.php\/urun\/mag-bags-triple-black-miknatisli-canta\/#primaryimage"},"thumbnailUrl":"https:\/\/mag-bags.com\/wp-content\/uploads\/2024\/10\/mag-bags.webp","datePublished":"2024-10-11T22:08:11+00:00","dateModified":"2026-04-06T18:42:36+00:00","description":"Spor salonunda da\u011f\u0131n\u0131kl\u0131\u011f\u0131n\u0131z\u0131 \u00f6nleyen Mag-Bags M\u0131knat\u0131sl\u0131 Spor \u00c7antas\u0131, telefon, su \u015fi\u015fesi, anahtar ve c\u00fczdan gibi e\u015fyalar\u0131n\u0131z\u0131 g\u00fcvenle ta\u015f\u0131man\u0131z\u0131 sa\u011flar.","breadcrumb":{"@id":"https:\/\/mag-bags.com\/index.php\/urun\/mag-bags-triple-black-miknatisli-canta\/#breadcrumb"},"inLanguage":"tr","potentialAction":[{"@type":"ReadAction","target":["https:\/\/mag-bags.com\/index.php\/urun\/mag-bags-triple-black-miknatisli-canta\/"]}]},{"@type":"ImageObject","inLanguage":"tr","@id":"https:\/\/mag-bags.com\/index.php\/urun\/mag-bags-triple-black-miknatisli-canta\/#primaryimage","url":"https:\/\/mag-bags.com\/wp-content\/uploads\/2024\/10\/mag-bags.webp","contentUrl":"https:\/\/mag-bags.com\/wp-content\/uploads\/2024\/10\/mag-bags.webp","width":1080,"height":1080},{"@type":"BreadcrumbList","@id":"https:\/\/mag-bags.com\/index.php\/urun\/mag-bags-triple-black-miknatisli-canta\/#breadcrumb","itemListElement":[{"@type":"ListItem","position":1,"name":"Anasayfa","item":"https:\/\/mag-bags.com\/"},{"@type":"ListItem","position":2,"name":"Ma\u011faza","item":"https:\/\/mag-bags.com\/index.php\/magaza\/"},{"@type":"ListItem","position":3,"name":"Mag-Bags Triple Black M\u0131knat\u0131sl\u0131 \u00c7anta"}]},{"@type":"WebSite","@id":"https:\/\/mag-bags.com\/#website","url":"https:\/\/mag-bags.com\/","name":"Mag-Bags | M\u0131knat\u0131sl\u0131 Spor \u00c7antas\u0131","description":"","publisher":{"@id":"https:\/\/mag-bags.com\/#organization"},"potentialAction":[{"@type":"SearchAction","target":{"@type":"EntryPoint","urlTemplate":"https:\/\/mag-bags.com\/?s={search_term_string}"},"query-input":{"@type":"PropertyValueSpecification","valueRequired":true,"valueName":"search_term_string"}}],"inLanguage":"tr"},{"@type":"Organization","@id":"https:\/\/mag-bags.com\/#organization","name":"Mag-Bags | M\u0131knat\u0131sl\u0131 Spor \u00c7antas\u0131","url":"https:\/\/mag-bags.com\/","logo":{"@type":"ImageObject","inLanguage":"tr","@id":"https:\/\/mag-bags.com\/#\/schema\/logo\/image\/","url":"https:\/\/mag-bags.com\/wp-content\/uploads\/2024\/09\/mag-bags-green-logo.png","contentUrl":"https:\/\/mag-bags.com\/wp-content\/uploads\/2024\/09\/mag-bags-green-logo.png","width":620,"height":402,"caption":"Mag-Bags | M\u0131knat\u0131sl\u0131 Spor \u00c7antas\u0131"},"image":{"@id":"https:\/\/mag-bags.com\/#\/schema\/logo\/image\/"},"sameAs":["https:\/\/www.instagram.com\/magbagstr\/"]}]}},"uagb_featured_image_src":{"full":["https:\/\/mag-bags.com\/wp-content\/uploads\/2024\/10\/mag-bags.webp",1080,1080,false],"thumbnail":["https:\/\/mag-bags.com\/wp-content\/uploads\/2024\/10\/mag-bags-150x150.webp",150,150,true],"medium":["https:\/\/mag-bags.com\/wp-content\/uploads\/2024\/10\/mag-bags-300x300.webp",300,300,true],"medium_large":["https:\/\/mag-bags.com\/wp-content\/uploads\/2024\/10\/mag-bags-768x768.webp",768,768,true],"large":["https:\/\/mag-bags.com\/wp-content\/uploads\/2024\/10\/mag-bags-1024x1024.webp",1024,1024,true],"1536x1536":["https:\/\/mag-bags.com\/wp-content\/uploads\/2024\/10\/mag-bags.webp",1080,1080,false],"2048x2048":["https:\/\/mag-bags.com\/wp-content\/uploads\/2024\/10\/mag-bags.webp",1080,1080,false],"portfolio-thumb":["https:\/\/mag-bags.com\/wp-content\/uploads\/2024\/10\/mag-bags-600x403.webp",600,403,true],"nectar_small_square":["https:\/\/mag-bags.com\/wp-content\/uploads\/2024\/10\/mag-bags-140x140.webp",140,140,true],"portfolio-thumb_large":["https:\/\/mag-bags.com\/wp-content\/uploads\/2024\/10\/mag-bags-900x604.webp",900,604,true],"portfolio-thumb_small":["https:\/\/mag-bags.com\/wp-content\/uploads\/2024\/10\/mag-bags-400x269.webp",400,269,true],"portfolio-widget":["https:\/\/mag-bags.com\/wp-content\/uploads\/2024\/10\/mag-bags-100x100.webp",100,100,true],"wide":["https:\/\/mag-bags.com\/wp-content\/uploads\/2024\/10\/mag-bags-1000x500.webp",1000,500,true],"wide_photography":["https:\/\/mag-bags.com\/wp-content\/uploads\/2024\/10\/mag-bags-900x600.webp",900,600,true],"wide_small":["https:\/\/mag-bags.com\/wp-content\/uploads\/2024\/10\/mag-bags-670x335.webp",670,335,true],"regular":["https:\/\/mag-bags.com\/wp-content\/uploads\/2024\/10\/mag-bags-500x500.webp",500,500,true],"regular_small":["https:\/\/mag-bags.com\/wp-content\/uploads\/2024\/10\/mag-bags-350x350.webp",350,350,true],"tall":["https:\/\/mag-bags.com\/wp-content\/uploads\/2024\/10\/mag-bags-500x1000.webp",500,1000,true],"wide_tall":["https:\/\/mag-bags.com\/wp-content\/uploads\/2024\/10\/mag-bags-1000x1000.webp",1000,1000,true],"large_featured":["https:\/\/mag-bags.com\/wp-content\/uploads\/2024\/10\/mag-bags-1080x770.webp",1080,770,true],"medium_featured":["https:\/\/mag-bags.com\/wp-content\/uploads\/2024\/10\/mag-bags-800x800.webp",800,800,true],"woocommerce_thumbnail":["https:\/\/mag-bags.com\/wp-content\/uploads\/2024\/10\/mag-bags-300x300.webp",300,300,true],"woocommerce_single":["https:\/\/mag-bags.com\/wp-content\/uploads\/2024\/10\/mag-bags-600x600.webp",600,600,true],"woocommerce_gallery_thumbnail":["https:\/\/mag-bags.com\/wp-content\/uploads\/2024\/10\/mag-bags-150x150.webp",150,150,true]},"uagb_author_info":{"display_name":"copluk@vakineva.com","author_link":"https:\/\/mag-bags.com\/index.php\/author\/"},"uagb_comment_info":1,"uagb_excerpt":"Gizlenmi\u015f g\u00fc\u00e7l\u00fc m\u0131knat\u0131slar\u0131 sayesinde metal y\u00fczeylere kolayca yap\u0131\u015f\u0131r ve \u00e7al\u0131\u015fman\u0131z s\u0131ras\u0131nda e\u015fyalar\u0131n\u0131z\u0131n g\u00fcvende kalmas\u0131n\u0131 sa\u011flar. &nbsp; \ud83e\uddf2 M\u0131knat\u0131sl\u0131 arka y\u00fczey \u00f6zelli\u011fi \ud83d\udc8e Dayan\u0131kl\u0131 ve uzun \u00f6m\u00fcrl\u00fc malzeme kalitesi \ud83c\udf92Geni\u015f i\u00e7 hacim ve pratik b\u00f6lmeli tasar\u0131m \ud83d\udca6 Su ge\u00e7irmezlik \ud83e\udea2 Omuz\u00a0 askisi ile kullan\u0131m se\u00e7ene\u011fi","jetpack_sharing_enabled":true,"tiered_pricing_type":"percentage","tiered_pricing_fixed_rules":{"2":"2198","3":"2997","4":"3680"},"tiered_pricing_product_settings":{"layout":"default","base_unit_name":{"singular":null,"plural":null},"default_variation":null},"tiered_pricing_minimum_quantity":null,"tiered_pricing_roles_data":[],"tiered_pricing_percentage_rules":{"2":"10","3":"15"},"tiered_pricing_maximum_quantity":null,"tiered_pricing_quantity_step":null,"_links":{"self":[{"href":"https:\/\/mag-bags.com\/index.php\/wp-json\/wp\/v2\/product\/2545","targetHints":{"allow":["GET"]}}],"collection":[{"href":"https:\/\/mag-bags.com\/index.php\/wp-json\/wp\/v2\/product"}],"about":[{"href":"https:\/\/mag-bags.com\/index.php\/wp-json\/wp\/v2\/types\/product"}],"replies":[{"embeddable":true,"href":"https:\/\/mag-bags.com\/index.php\/wp-json\/wp\/v2\/comments?post=2545"}],"wp:featuredmedia":[{"embeddable":true,"href":"https:\/\/mag-bags.com\/index.php\/wp-json\/wp\/v2\/media\/2555"}],"wp:attachment":[{"href":"https:\/\/mag-bags.com\/index.php\/wp-json\/wp\/v2\/media?parent=2545"}],"wp:term":[{"taxonomy":"product_brand","embeddable":true,"href":"https:\/\/mag-bags.com\/index.php\/wp-json\/wp\/v2\/product_brand?post=2545"},{"taxonomy":"product_cat","embeddable":true,"href":"https:\/\/mag-bags.com\/index.php\/wp-json\/wp\/v2\/product_cat?post=2545"},{"taxonomy":"product_tag","embeddable":true,"href":"https:\/\/mag-bags.com\/index.php\/wp-json\/wp\/v2\/product_tag?post=2545"}],"curies":[{"name":"wp","href":"https:\/\/api.w.org\/{rel}","templated":true}]}}