{"id":2388,"date":"2024-10-13T02:15:22","date_gmt":"2024-10-12T23:15:22","guid":{"rendered":"https:\/\/mag-bags.com\/?page_id=2388"},"modified":"2024-10-13T02:33:15","modified_gmt":"2024-10-12T23:33:15","slug":"geri-odeme-ve-iade-politikasi","status":"publish","type":"page","link":"https:\/\/mag-bags.com\/index.php\/geri-odeme-ve-iade-politikasi\/","title":{"rendered":"Geri \u00d6deme ve \u0130ade Politikas\u0131"},"content":{"rendered":"<h2>Para \u0130ade Politikas\u0131<\/h2>\n<p>Politikam\u0131z 30 g\u00fcn s\u00fcrer. Sat\u0131n alma i\u015fleminizden bu yana 30 g\u00fcn ge\u00e7tiyse, maalesef size geri \u00f6deme veya de\u011fi\u015fim sunamay\u0131z.<\/p>\n<p>Bir iadeye hak kazanabilmek i\u00e7in, \u00f6\u011fenizin kullan\u0131lmam\u0131\u015f ve ald\u0131\u011f\u0131n\u0131z ko\u015fulda olmas\u0131 gerekir. Orijinal ambalaj\u0131nda \u200b\u200bda olmal\u0131d\u0131r.<\/p>\n<p>Birka\u00e7 \u00e7e\u015fit mal iade edilmekten muaft\u0131r. Yiyecek, \u00e7i\u00e7ek, gazete veya dergi gibi bozulabilir mallar iade edilemez. Ayr\u0131ca samimi veya s\u0131hhi \u00fcr\u00fcnler, tehlikeli maddeler veya yan\u0131c\u0131 s\u0131v\u0131lar veya gazlar olan \u00fcr\u00fcnleri de kabul etmiyoruz.<\/p>\n<h2>\u0130ade edilemeyen di\u011fer \u00fcr\u00fcnler:<\/h2>\n<p>* Hediye Kartlar\u0131<br \/>\n* \u0130ndirilebilir yaz\u0131l\u0131m \u00fcr\u00fcnleri<br \/>\n* Baz\u0131 sa\u011fl\u0131k ve ki\u015fisel bak\u0131m \u00fcr\u00fcnleri<\/p>\n<p>\u0130adenizi tamamlamak i\u00e7in bir makbuz veya sat\u0131n alma belgesi gerekir.<\/p>\n<p>L\u00fctfen sat\u0131n alma i\u015fleminizi \u00fcreticiye geri g\u00f6ndermeyin.<\/p>\n<p>Yaln\u0131zca k\u0131smi geri \u00f6demelerin yap\u0131ld\u0131\u011f\u0131 belirli durumlar vard\u0131r: (varsa)<br \/>\n* A\u00e7\u0131k kullan\u0131m belirtileri olan kitap<br \/>\n* A\u00e7\u0131lan CD, DVD, VHS kaset, yaz\u0131l\u0131m, video oyunu, kaset veya vinil kayd\u0131.<br \/>\n* Orijinal durumunda olmayan herhangi bir \u00f6\u011fe, hatam\u0131zdan kaynaklanmayan nedenlerle hasar g\u00f6rm\u00fc\u015f veya eksik par\u00e7alar.<br \/>\n* Teslimattan sonra 30 g\u00fcnden fazla iade edilen herhangi bir \u00fcr\u00fcn<\/p>\n<h2>Geri \u00d6demeler<\/h2>\n<p>\u0130adeniz al\u0131nd\u0131ktan ve incelendikten sonra, iade etti\u011finiz \u00fcr\u00fcn\u00fc ald\u0131\u011f\u0131m\u0131z\u0131 bildirmek i\u00e7in size bir e-posta g\u00f6nderece\u011fiz. Ayr\u0131ca geri \u00f6demenizin onaylanmas\u0131 veya reddedilmesi konusunda sizi bilgilendiririz.<br \/>\nOnaylarsan\u0131z, geri \u00f6demeniz i\u015fleme konulur ve belirli bir g\u00fcn i\u00e7inde kredi kart\u0131n\u0131za veya orijinal \u00f6deme y\u00f6nteminize otomatik olarak bir kredi uygulan\u0131r.<\/p>\n<h2>Ge\u00e7 veya Eksik Geri \u00d6demeler<\/h2>\n<p>Hen\u00fcz bir geri \u00f6deme almad\u0131ysan\u0131z, \u00f6nce banka hesab\u0131n\u0131z\u0131 tekrar kontrol edin.<br \/>\nArd\u0131ndan kredi kart\u0131 \u015firketinize ba\u015fvurun, geri \u00f6demenizin resmi olarak kaydedilmesi biraz zaman alabilir.<br \/>\nSonra bankan\u0131za ba\u015fvurun. Geri \u00f6deme yap\u0131lmadan \u00f6nce genellikle i\u015flem s\u00fcresi vard\u0131r.<br \/>\nT\u00fcm bunlar\u0131 yapt\u0131ysan\u0131z ve hala geri \u00f6demenizi almad\u0131ysan\u0131z, l\u00fctfen info@kityball.com adresinden bizimle ileti\u015fime ge\u00e7in.<\/p>\n<h2>Hediyeler<\/h2>\n<p>\u00dcr\u00fcn sat\u0131n al\u0131nd\u0131\u011f\u0131nda ve do\u011frudan size g\u00f6nderildi\u011finde bir hediye olarak i\u015faretlendiyse, iadenizin de\u011feri i\u00e7in bir hediye kredisi al\u0131rs\u0131n\u0131z. \u0130ade edilen \u00fcr\u00fcn al\u0131nd\u0131ktan sonra, size bir hediye sertifikas\u0131 g\u00f6nderilecektir.<\/p>\n<p>\u00dcr\u00fcn sat\u0131n al\u0131nd\u0131\u011f\u0131nda bir hediye olarak i\u015faretlenmediyse veya hediye veren daha sonra sipari\u015f vermek i\u00e7in kendilerine g\u00f6nderilen sipari\u015fi verdiyse, hediye veren ki\u015fiye geri \u00f6deme g\u00f6ndeririz ve iadenizi \u00f6\u011frenir.<\/p>\n<h2>Nakliye<\/h2>\n<p>\u00dcr\u00fcn\u00fcn\u00fcz\u00fc iade etmek i\u00e7in \u015fu adrese talep etmelisiniz: info@mag-bags.com<\/p>\n<p>\u00d6\u011fenizi iade etmek i\u00e7in kendi nakliye masraflar\u0131n\u0131z\u0131 \u00f6demekle sorumlu olacaks\u0131n\u0131z. Nakliye masraflar\u0131 iade edilmez. Bir geri \u00f6deme al\u0131rsan\u0131z, iade nakliye \u00fccreti geri \u00f6demenizden d\u00fc\u015f\u00fclecektir.<\/p>\n<p>Ya\u015fad\u0131\u011f\u0131n\u0131z yere ba\u011fl\u0131 olarak, de\u011fi\u015ftirilen \u00fcr\u00fcn\u00fcn\u00fcz\u00fcn size ula\u015fmas\u0131 i\u00e7in ge\u00e7en s\u00fcre de\u011fi\u015febilir.<\/p>\n<p>&nbsp;<\/p>\n<p><strong>CUTOFF TEKNOLOJ\u0130 S\u0130STEMLER\u0130 SANAY\u0130 VE T\u0130CARET L\u0130M\u0130TED \u015e\u0130RKET\u0130<\/strong><\/p>\n<p><strong>Company number: 01020304<\/strong><\/p>\n<div class=\"container-wrap\">\n<div class=\"container main-content\" role=\"main\">\n<div class=\"row\">\n<p><strong>TERAZ\u0130DERE MAH. G\u00dcNE\u015e CAD. NO: 62\/1 PK: 34035 BAYRAMPA\u015eA \u2013 \u0130STANBUL<\/strong><\/p>\n<\/div>\n<\/div>\n<\/div>\n","protected":false},"excerpt":{"rendered":"<p>Para \u0130ade Politikas\u0131 Politikam\u0131z 30 g\u00fcn s\u00fcrer. Sat\u0131n alma i\u015fleminizden bu yana 30 g\u00fcn ge\u00e7tiyse, maalesef size geri \u00f6deme veya de\u011fi\u015fim sunamay\u0131z. Bir iadeye hak kazanabilmek i\u00e7in, \u00f6\u011fenizin kullan\u0131lmam\u0131\u015f ve&#8230;<\/p>\n","protected":false},"author":1,"featured_media":0,"parent":0,"menu_order":0,"comment_status":"closed","ping_status":"closed","template":"","meta":{"_uag_custom_page_level_css":"","footnotes":""},"class_list":["post-2388","page","type-page","status-publish"],"yoast_head":"<!-- This site is optimized with the Yoast SEO Premium plugin v23.6 (Yoast SEO v27.4) - https:\/\/yoast.com\/product\/yoast-seo-premium-wordpress\/ -->\n<title>Geri \u00d6deme ve \u0130ade Politikas\u0131 - Mag-Bags | M\u0131knat\u0131sl\u0131 Spor \u00c7antas\u0131<\/title>\n<meta name=\"robots\" content=\"index, follow, max-snippet:-1, max-image-preview:large, max-video-preview:-1\" \/>\n<link rel=\"canonical\" href=\"https:\/\/mag-bags.com\/index.php\/geri-odeme-ve-iade-politikasi\/\" \/>\n<meta property=\"og:locale\" content=\"tr_TR\" \/>\n<meta property=\"og:type\" content=\"article\" \/>\n<meta property=\"og:title\" content=\"Geri \u00d6deme ve \u0130ade Politikas\u0131\" \/>\n<meta property=\"og:description\" content=\"Para \u0130ade Politikas\u0131 Politikam\u0131z 30 g\u00fcn s\u00fcrer. Sat\u0131n alma i\u015fleminizden bu yana 30 g\u00fcn ge\u00e7tiyse, maalesef size geri \u00f6deme veya de\u011fi\u015fim sunamay\u0131z. Bir iadeye hak kazanabilmek i\u00e7in, \u00f6\u011fenizin kullan\u0131lmam\u0131\u015f ve...\" \/>\n<meta property=\"og:url\" content=\"https:\/\/mag-bags.com\/index.php\/geri-odeme-ve-iade-politikasi\/\" \/>\n<meta property=\"og:site_name\" content=\"Mag-Bags | M\u0131knat\u0131sl\u0131 Spor \u00c7antas\u0131\" \/>\n<meta property=\"article:modified_time\" content=\"2024-10-12T23:33:15+00:00\" \/>\n<meta name=\"twitter:card\" content=\"summary_large_image\" \/>\n<meta name=\"twitter:label1\" content=\"Tahmini okuma s\u00fcresi\" \/>\n\t<meta name=\"twitter:data1\" content=\"3 dakika\" \/>\n<script type=\"application\/ld+json\" class=\"yoast-schema-graph\">{\"@context\":\"https:\\\/\\\/schema.org\",\"@graph\":[{\"@type\":\"WebPage\",\"@id\":\"https:\\\/\\\/mag-bags.com\\\/index.php\\\/geri-odeme-ve-iade-politikasi\\\/\",\"url\":\"https:\\\/\\\/mag-bags.com\\\/index.php\\\/geri-odeme-ve-iade-politikasi\\\/\",\"name\":\"Geri \u00d6deme ve \u0130ade Politikas\u0131 - Mag-Bags | M\u0131knat\u0131sl\u0131 Spor \u00c7antas\u0131\",\"isPartOf\":{\"@id\":\"https:\\\/\\\/mag-bags.com\\\/#website\"},\"datePublished\":\"2024-10-12T23:15:22+00:00\",\"dateModified\":\"2024-10-12T23:33:15+00:00\",\"breadcrumb\":{\"@id\":\"https:\\\/\\\/mag-bags.com\\\/index.php\\\/geri-odeme-ve-iade-politikasi\\\/#breadcrumb\"},\"inLanguage\":\"tr\",\"potentialAction\":[{\"@type\":\"ReadAction\",\"target\":[\"https:\\\/\\\/mag-bags.com\\\/index.php\\\/geri-odeme-ve-iade-politikasi\\\/\"]}]},{\"@type\":\"BreadcrumbList\",\"@id\":\"https:\\\/\\\/mag-bags.com\\\/index.php\\\/geri-odeme-ve-iade-politikasi\\\/#breadcrumb\",\"itemListElement\":[{\"@type\":\"ListItem\",\"position\":1,\"name\":\"Anasayfa\",\"item\":\"https:\\\/\\\/mag-bags.com\\\/\"},{\"@type\":\"ListItem\",\"position\":2,\"name\":\"Geri \u00d6deme ve \u0130ade Politikas\u0131\"}]},{\"@type\":\"WebSite\",\"@id\":\"https:\\\/\\\/mag-bags.com\\\/#website\",\"url\":\"https:\\\/\\\/mag-bags.com\\\/\",\"name\":\"Mag-Bags | M\u0131knat\u0131sl\u0131 Spor \u00c7antas\u0131\",\"description\":\"\",\"publisher\":{\"@id\":\"https:\\\/\\\/mag-bags.com\\\/#organization\"},\"potentialAction\":[{\"@type\":\"SearchAction\",\"target\":{\"@type\":\"EntryPoint\",\"urlTemplate\":\"https:\\\/\\\/mag-bags.com\\\/?s={search_term_string}\"},\"query-input\":{\"@type\":\"PropertyValueSpecification\",\"valueRequired\":true,\"valueName\":\"search_term_string\"}}],\"inLanguage\":\"tr\"},{\"@type\":\"Organization\",\"@id\":\"https:\\\/\\\/mag-bags.com\\\/#organization\",\"name\":\"Mag-Bags | M\u0131knat\u0131sl\u0131 Spor \u00c7antas\u0131\",\"url\":\"https:\\\/\\\/mag-bags.com\\\/\",\"logo\":{\"@type\":\"ImageObject\",\"inLanguage\":\"tr\",\"@id\":\"https:\\\/\\\/mag-bags.com\\\/#\\\/schema\\\/logo\\\/image\\\/\",\"url\":\"https:\\\/\\\/mag-bags.com\\\/wp-content\\\/uploads\\\/2024\\\/09\\\/mag-bags-green-logo.png\",\"contentUrl\":\"https:\\\/\\\/mag-bags.com\\\/wp-content\\\/uploads\\\/2024\\\/09\\\/mag-bags-green-logo.png\",\"width\":620,\"height\":402,\"caption\":\"Mag-Bags | M\u0131knat\u0131sl\u0131 Spor \u00c7antas\u0131\"},\"image\":{\"@id\":\"https:\\\/\\\/mag-bags.com\\\/#\\\/schema\\\/logo\\\/image\\\/\"},\"sameAs\":[\"https:\\\/\\\/www.instagram.com\\\/magbagstr\\\/\"]}]}<\/script>\n<!-- \/ Yoast SEO Premium plugin. -->","yoast_head_json":{"title":"Geri \u00d6deme ve \u0130ade Politikas\u0131 - Mag-Bags | M\u0131knat\u0131sl\u0131 Spor \u00c7antas\u0131","robots":{"index":"index","follow":"follow","max-snippet":"max-snippet:-1","max-image-preview":"max-image-preview:large","max-video-preview":"max-video-preview:-1"},"canonical":"https:\/\/mag-bags.com\/index.php\/geri-odeme-ve-iade-politikasi\/","og_locale":"tr_TR","og_type":"article","og_title":"Geri \u00d6deme ve \u0130ade Politikas\u0131","og_description":"Para \u0130ade Politikas\u0131 Politikam\u0131z 30 g\u00fcn s\u00fcrer. Sat\u0131n alma i\u015fleminizden bu yana 30 g\u00fcn ge\u00e7tiyse, maalesef size geri \u00f6deme veya de\u011fi\u015fim sunamay\u0131z. Bir iadeye hak kazanabilmek i\u00e7in, \u00f6\u011fenizin kullan\u0131lmam\u0131\u015f ve...","og_url":"https:\/\/mag-bags.com\/index.php\/geri-odeme-ve-iade-politikasi\/","og_site_name":"Mag-Bags | M\u0131knat\u0131sl\u0131 Spor \u00c7antas\u0131","article_modified_time":"2024-10-12T23:33:15+00:00","twitter_card":"summary_large_image","twitter_misc":{"Tahmini okuma s\u00fcresi":"3 dakika"},"schema":{"@context":"https:\/\/schema.org","@graph":[{"@type":"WebPage","@id":"https:\/\/mag-bags.com\/index.php\/geri-odeme-ve-iade-politikasi\/","url":"https:\/\/mag-bags.com\/index.php\/geri-odeme-ve-iade-politikasi\/","name":"Geri \u00d6deme ve \u0130ade Politikas\u0131 - Mag-Bags | M\u0131knat\u0131sl\u0131 Spor \u00c7antas\u0131","isPartOf":{"@id":"https:\/\/mag-bags.com\/#website"},"datePublished":"2024-10-12T23:15:22+00:00","dateModified":"2024-10-12T23:33:15+00:00","breadcrumb":{"@id":"https:\/\/mag-bags.com\/index.php\/geri-odeme-ve-iade-politikasi\/#breadcrumb"},"inLanguage":"tr","potentialAction":[{"@type":"ReadAction","target":["https:\/\/mag-bags.com\/index.php\/geri-odeme-ve-iade-politikasi\/"]}]},{"@type":"BreadcrumbList","@id":"https:\/\/mag-bags.com\/index.php\/geri-odeme-ve-iade-politikasi\/#breadcrumb","itemListElement":[{"@type":"ListItem","position":1,"name":"Anasayfa","item":"https:\/\/mag-bags.com\/"},{"@type":"ListItem","position":2,"name":"Geri \u00d6deme ve \u0130ade Politikas\u0131"}]},{"@type":"WebSite","@id":"https:\/\/mag-bags.com\/#website","url":"https:\/\/mag-bags.com\/","name":"Mag-Bags | M\u0131knat\u0131sl\u0131 Spor \u00c7antas\u0131","description":"","publisher":{"@id":"https:\/\/mag-bags.com\/#organization"},"potentialAction":[{"@type":"SearchAction","target":{"@type":"EntryPoint","urlTemplate":"https:\/\/mag-bags.com\/?s={search_term_string}"},"query-input":{"@type":"PropertyValueSpecification","valueRequired":true,"valueName":"search_term_string"}}],"inLanguage":"tr"},{"@type":"Organization","@id":"https:\/\/mag-bags.com\/#organization","name":"Mag-Bags | M\u0131knat\u0131sl\u0131 Spor \u00c7antas\u0131","url":"https:\/\/mag-bags.com\/","logo":{"@type":"ImageObject","inLanguage":"tr","@id":"https:\/\/mag-bags.com\/#\/schema\/logo\/image\/","url":"https:\/\/mag-bags.com\/wp-content\/uploads\/2024\/09\/mag-bags-green-logo.png","contentUrl":"https:\/\/mag-bags.com\/wp-content\/uploads\/2024\/09\/mag-bags-green-logo.png","width":620,"height":402,"caption":"Mag-Bags | M\u0131knat\u0131sl\u0131 Spor \u00c7antas\u0131"},"image":{"@id":"https:\/\/mag-bags.com\/#\/schema\/logo\/image\/"},"sameAs":["https:\/\/www.instagram.com\/magbagstr\/"]}]}},"uagb_featured_image_src":{"full":false,"thumbnail":false,"medium":false,"medium_large":false,"large":false,"1536x1536":false,"2048x2048":false,"portfolio-thumb":false,"nectar_small_square":false,"portfolio-thumb_large":false,"portfolio-thumb_small":false,"portfolio-widget":false,"wide":false,"wide_photography":false,"wide_small":false,"regular":false,"regular_small":false,"tall":false,"wide_tall":false,"large_featured":false,"medium_featured":false,"woocommerce_thumbnail":false,"woocommerce_single":false,"woocommerce_gallery_thumbnail":false},"uagb_author_info":{"display_name":"copluk@vakineva.com","author_link":"https:\/\/mag-bags.com\/index.php\/author\/coplukvakineva-com\/"},"uagb_comment_info":0,"uagb_excerpt":"Para \u0130ade Politikas\u0131 Politikam\u0131z 30 g\u00fcn s\u00fcrer. Sat\u0131n alma i\u015fleminizden bu yana 30 g\u00fcn ge\u00e7tiyse, maalesef size geri \u00f6deme veya de\u011fi\u015fim sunamay\u0131z. Bir iadeye hak kazanabilmek i\u00e7in, \u00f6\u011fenizin kullan\u0131lmam\u0131\u015f ve...","jetpack_sharing_enabled":true,"_links":{"self":[{"href":"https:\/\/mag-bags.com\/index.php\/wp-json\/wp\/v2\/pages\/2388","targetHints":{"allow":["GET"]}}],"collection":[{"href":"https:\/\/mag-bags.com\/index.php\/wp-json\/wp\/v2\/pages"}],"about":[{"href":"https:\/\/mag-bags.com\/index.php\/wp-json\/wp\/v2\/types\/page"}],"author":[{"embeddable":true,"href":"https:\/\/mag-bags.com\/index.php\/wp-json\/wp\/v2\/users\/1"}],"replies":[{"embeddable":true,"href":"https:\/\/mag-bags.com\/index.php\/wp-json\/wp\/v2\/comments?post=2388"}],"version-history":[{"count":2,"href":"https:\/\/mag-bags.com\/index.php\/wp-json\/wp\/v2\/pages\/2388\/revisions"}],"predecessor-version":[{"id":2611,"href":"https:\/\/mag-bags.com\/index.php\/wp-json\/wp\/v2\/pages\/2388\/revisions\/2611"}],"wp:attachment":[{"href":"https:\/\/mag-bags.com\/index.php\/wp-json\/wp\/v2\/media?parent=2388"}],"curies":[{"name":"wp","href":"https:\/\/api.w.org\/{rel}","templated":true}]}}